atest common divisor of 3732 and 108.
12
Calculate the greatest common divisor of 504 and 896.
56
What is the highest common factor of 26 and 702?
26
What is the highest common factor of 40 and 88?
8
Calculate the greatest common factor of 5452 and 564.
188
Calculate the highest common divisor of 11297 and 286.
143
What is the highest common factor of 3425 and 275?
25
Calculate the greatest common factor of 5763 and 51.
51
Calculate the highest common divisor of 581 and 332.
83
What is the highest common divisor of 10 and 590?
10
Calculate the greatest common factor of 175 and 200.
25
Calculate the greatest common divisor of 348 and 435.
87
Calculate the highest common divisor of 120 and 5610.
30
What is the highest common divisor of 130 and 50?
10
Calculate the greatest common factor of 480 and 1120.
160
Calculate the greatest common factor of 892 and 2899.
223
Calculate the greatest common factor of 119 and 511.
7
What is the highest common divisor of 157 and 314?
157
What is the highest common factor of 3017 and 7?
7
What is the greatest common factor of 28 and 3542?
14
Calculate the greatest common divisor of 15 and 153.
3
Calculate the highest common divisor of 21 and 231.
21
What is the greatest common factor of 71 and 639?
71
Calculate the greatest common factor of 12 and 768.
12
Calculate the highest common factor of 2648 and 40.
8
What is the greatest common factor of 55 and 11?
11
What is the greatest common divisor of 255 and 105?
15
What is the highest common divisor of 238 and 518?
14
Calculate the highest common factor of 8 and 18.
2
What is the highest common factor of 42 and 18578?
14
What is the highest common divisor of 4992 and 897?
39
Calculate the greatest common divisor of 147 and 126.
21
What is the highest common factor of 2 and 13?
1
Calculate the greatest common divisor of 5 and 53.
1
What is the highest common factor of 56 and 40?
8
What is the greatest common divisor of 19169 and 29?
29
What is the greatest common divisor of 1043 and 14?
7
Calculate the greatest common divisor of 740 and 4255.
185
Calculate the greatest common divisor of 76 and 38.
38
Calculate the highest common factor of 1525 and 854.
61
Calculate the greatest common divisor of 204 and 12.
12
What is the highest common divisor of 128 and 40?
8
What is the highest common factor of 194 and 14?
2
Calculate the highest common factor of 282 and 30.
6
Calculate the highest common factor of 507 and 234.
39
What is the highest common factor of 40369 and 219?
73
Calculate the highest common divisor of 6 and 939.
3
What is the highest common divisor of 1625 and 13?
13
Calculate the greatest common factor of 50 and 1670.
10
Calculate the highest common divisor of 240 and 5.
5
What is the highest common factor of 1 and 121?
1
What is the greatest common divisor of 164 and 412?
4
What is the highest common factor of 1344 and 588?
84
Calculate the highest common factor of 325 and 286.
13
What is the highest common divisor of 45864 and 91?
91
What is the greatest common divisor of 27 and 1?
1
What is the highest common divisor of 55 and 10?
5
What is the highest common divisor of 52 and 559?
13
What is the greatest common factor of 1953 and 315?
63
What is the greatest common factor of 1139 and 201?
67
Calculate the greatest common factor of 285 and 10.
5
Calculate the greatest common divisor of 26 and 4979.
13
What is the highest common factor of 280 and 60?
20
What is the greatest common divisor of 1917 and 81?
27
Calculate the highest common divisor of 286 and 22.
22
Calculate the highest common divisor of 840 and 14.
14
What is the highest common divisor of 598 and 46?
46
What is the greatest common factor of 157 and 5024?
157
What is the greatest common divisor of 19683 and 9?
9
What is the greatest common factor of 43 and 989?
43
Calculate the highest common factor of 576 and 5832.
72
What is the greatest common factor of 83 and 1079?
83
Calculate the highest common factor of 6477 and 357.
51
What is the greatest common factor of 8 and 188?
4
What is the highest common factor of 28556 and 472?
236
What is the greatest common divisor of 80 and 180?
20
What is the highest common divisor of 544 and 8?
8
Calculate the greatest common divisor of 3999 and 93.
93
Calculate the greatest common divisor of 1178 and 76.
38
What is the greatest common divisor of 103 and 29149?
103
Calculate the greatest common divisor of 208 and 88.
8
Calculate the greatest common divisor of 18772 and 247.
247
Calculate the highest common factor of 589 and 38.
19
Calculate the greatest common divisor of 1535 and 8903.
307
What is the greatest common divisor of 416 and 91?
13
Calculate the highest common factor of 22 and 33.
11
Calculate the highest common divisor of 357 and 255.
51
What is the greatest common divisor of 1225 and 100?
25
What is the highest common factor of 392 and 16?
8
Calculate the highest common divisor of 11 and 374.
11
Calculate the greatest common divisor of 400 and 140.
20
What is the greatest common divisor of 55 and 33?
11
Calculate the highest common factor of 455 and 35.
35
Calculate the greatest common factor of 3312 and 936.
72
What is the greatest common factor of 32 and 304?
16
Calculate the greatest common divisor of 4563 and 1352.
169
What is the highest common divisor of 31773 and 238?
119
Calculate the greatest common factor of 45 and 27.
9
What is the highest common factor of 20 and 510?
10
Calculate the greatest common divisor of 180 and 1845.
45
Calculate the greatest common divisor of 783 and 1798.
29
What is the highest common factor of 12 and 3?
3
What is the highest common divisor of 952 and 272?
136
What is the greatest common divisor of 15 and 2310?
15
Calculate the highest common factor of 468 and 90.
18
Calculate the greatest common factor of 22638 and 12.
6
Calculate the highest common divisor of 2706 and 22.
22
Calculate the greatest common divisor of 66 and 198.
66
Calculate the highest common divisor of 403 and 31.
31
Calculate the highest common divisor of 204 and 731.
17
What is the greatest common divisor of 280 and 160?
40
What is the greatest common divisor of 1088 and 17?
17
Calculate the highest common divisor of 24520 and 40.
40
What is the greatest common factor of 198 and 1656?
18
Calculate the highest common divisor of 60 and 40.
20
Calculate the highest common factor of 400 and 850.
50
Calculate the highest common factor of 84 and 1071.
21
Calculate the highest common factor of 40 and 320.
40
What is the highest common divisor of 119 and 799?
17
What is the highest common factor of 30 and 390?
30
Calculate the greatest common factor of 14754 and 6.
6
What is the greatest common divisor of 31 and 6913?
31
What is the highest common divisor of 16 and 592?
16
Calculate the highest common factor of 28 and 5908.
28
What is the greatest common factor of 1854 and 864?
18
What is the highest common factor of 675 and 72?
9
What is the greatest common divisor of 26 and 806?
26
Calculate the greatest common divisor of 2 and 278.
2
Calculate the greatest common factor of 63 and 1008.
63
Calculate the highest common divisor of 34 and 2057.
17
What is the highest common factor of 156 and 84?
12
What is the highest common divisor of 60 and 180?
60
Calculate the greatest common factor of 832 and 26.
26
Calculate the highest common factor of 21 and 91.
7
Calculate the highest common divisor of 207 and 45.
9
What is the greatest common factor of 87 and 2784?
87
Calculate the greatest common factor of 36 and 36.
36
What is the highest common divisor of 276 and 384?
12
Calculate the highest common divisor of 1173 and 69.
69
What is the highest common factor of 15 and 120?
15
Calculate the highest common divisor of 224 and 252.
28
What is the highest common divisor of 156 and 26?
26
Calculate the greatest common divisor of 11 and 891.
11
What is the highest common factor of 10040 and 360?
40
What is the highest common factor of 2166 and 76?
38
Calculate the highest common factor of 3012 and 4.
4
Calculate the greatest common factor of 240 and 800.
80
Calculate the highest common factor of 1631 and 6757.
233
Calculate the greatest common divisor of 825 and 297.
33
What is the greatest common divisor of 9546 and 444?
222
What is the greates